16?
False
Is 597 a factor of 647745?
True
Is 130803 a multiple of 59?
True
Is 24801 a multiple of 6?
False
Is 5315105 a multiple of 444?
False
Is 294 a factor of 226968?
True
Is 6 a factor of 8341?
False
Is 1389742 a multiple of 578?
False
Is 24 a factor of 30648?
True
Does 72 divide 127296?
True
Is 45196 a multiple of 180?
False
Is 167280 a multiple of 246?
True
Is 20507493 a multiple of 179?
True
Does 242 divide 1397806?
False
Does 194 divide 123721?
False
Does 4 divide 2761745?
False
Does 86 divide 307959?
False
Is 38 a factor of 2028324?
False
Is 78268 a multiple of 6?
False
Is 284 a factor of 29820?
True
Is 43 a factor of 357671?
False
Is 2 a factor of 38475?
False
Does 8 divide 211736?
True
Does 5 divide 46022?
False
Is 135 a factor of 4995?
True
Does 64 divide 37583?
False
Is 2569058 a multiple of 466?
True
Does 21 divide 59970?
False
Does 6 divide 136951?
False
Is 154251 a multiple of 23?
False
Is 347019 a multiple of 393?
True
Is 23 a factor of 259394?
True
Is 38 a factor of 66413?
False
Is 14 a factor of 1077505?
False
Is 115 a factor of 2387228?
False
Is 64 a factor of 256?
True
Does 12 divide 443315?
False
Is 28 a factor of 888468?
True
Is 23 a factor of 2032660?
False
Is 608076 a multiple of 7?
True
Is 49290 a multiple of 155?
True
Does 16 divide 107888?
True
Is 309 a factor of 333102?
True
Is 1298549 a multiple of 800?
False
Does 736 divide 4737632?
True
Is 477 a factor of 3037199?
False
Is 272 a factor of 8990?
False
Does 60 divide 288967?
False
Is 9194749 a multiple of 26?
False
Is 340992 a multiple of 296?
True
Does 1584 divide 7626960?
True
Is 114170 a multiple of 245?
True
Is 24 a factor of 8522064?
True
Is 115226 a multiple of 34?
True
Is 5861784 a multiple of 485?
False
Is 4927112 a multiple of 10?
False
Is 21 a factor of 770336?
False
Is 13 a factor of 95459?
True
Does 2 divide 68363?
False
Does 58 divide 630460?
True
Is 1301 a factor of 8798503?
False
Is 95 a factor of 207922?
False
Is 5 a factor of 1182177?
False
Is 18 a factor of 14832?
True
Is 165157 a multiple of 24?
False
Is 21358 a multiple of 118?
True
Does 20 divide 715074?
False
Is 6 a factor of 2981315?
False
Does 631 divide 5299138?
True
Does 15 divide 15610375?
False
Is 4 a factor of 3099334?
False
Is 21 a factor of 12380725?
False
Is 642218 a multiple of 116?
False
Is 204 a factor of 1427388?
True
Is 363899 a multiple of 321?
False
Is 22 a factor of 4455968?
True
Is 494200 a multiple of 280?
True
Is 41591 a multiple of 209?
True
Is 35215047 a multiple of 23?
True
Is 11784 a multiple of 6?
True
Is 572665 a multiple of 105?
False
Does 30 divide 136830?
True
Is 313 a factor of 6336143?
False
Is 46802 a multiple of 19?
False
Is 16635 a multiple of 15?
True
Is 1160182 a multiple of 48?
False
Is 13 a factor of 294427?
False
Is 861 a factor of 5091855?
False
Is 3437826 a multiple of 47?
False
Does 262 divide 12907692?
True
Is 9 a factor of 167391?
True
Does 4 divide 281891?
False
Is 240 a factor of 16983514?
False
Is 11 a factor of 117810?
True
Is 1550 a multiple of 50?
True
Is 944208 a multiple of 18?
True
Does 70 divide 1493916?
False
Is 13 a factor of 331330?
False
Is 229512 a multiple of 8?
True
Is 52403 a multiple of 139?
True
Is 90 a factor of 565920?
True
Is 8 a factor of 767880?
True
Is 4 a factor of 27699?
False
Is 12 a factor of 740553?
False
Does 6 divide 311460?
True
Is 43 a factor of 35948?
True
Is 1515006 a multiple of 452?
False
Does 89 divide 813193?
True
Does 24 divide 4064908?
False
Does 33 divide 302874?
True
Does 46 divide 308645?
False
Does 6 divide 709050?
True
Is 3 a factor of 72650?
False
Is 230 a factor of 5455480?
False
Is 107 a factor of 84348?
False
Does 6 divide 757162?
False
Is 1078365 a multiple of 3?
True
Is 23 a factor of 3444041?
False
Does 126 divide 56795?
False
Is 55 a factor of 2460755?
True
Does 14 divide 12977?
False
Does 432 divide 226368?
True
Is 248 a factor of 2054697?
False
Is 375606 a multiple of 33?
True
Is 67 a factor of 29815?
True
Is 34297 a multiple of 32?
False
Is 1078616 a multiple of 11?
True
Is 314749 a multiple of 101?
False
Is 2826323 a multiple of 94?
False
Does 37 divide 253228?
True
Is 3299802 a multiple of 289?
True
Is 878831 a multiple of 129?
False
Does 158 divide 6708298?
False
Does 63 divide 4021731?
True
Is 47 a factor of 243037?
True
Does 67 divide 11418326?
False
Does 164 divide 345712?
True
Does 86 divide 796618?
True
Does 189 divide 11664891?
True
Is 1921530 a multiple of 195?
True
Does 1221 divide 4306775?
False
Is 42 a factor of 3259074?
True
Is 9499 a multiple of 30?
False
Is 52252 a multiple of 107?
False
Does 41 divide 393067?
True
Is 42 a factor of 874477?
False
Does 870 divide 10326700?
False
Is 14 a factor of 2168936?
True
Is 56 a factor of 495544?
True
Does 405 divide 16529?
False
Is 69 a factor of 3046074?
True
Is 1170 a multiple of 9?
True
Is 2194809 a multiple of 3?
True
Is 139 a factor of 195518?
False
Does 93 divide 846686?
False
Is 5 a factor of 51613?
False
Is 28157 even?
False
Is 2559926 a multiple of 6?
False
Is 858165 a multiple of 231?
True
Is 25 a factor of 95500?
True
Does 50 divide 7358984?
False
Is 4102 a multiple of 23?
False
Is 4 a factor of 1908371?
False
Is 598463 a multiple of 62?
False
Does 244 divide 82068?
False
Is 14 a factor of 1452828?
False
Does 13 divide 1904?
False
Is 59878 a multiple of 14?
True
Does 11 divide 38054?
False
Does 661 divide 154674?
True
Does 826 divide 1466150?
True
Does 14 divide 9217?
False
Is 4 a factor of 1184?
True
Is 488996 a multiple of 15?
False
Does 374 divide 1558458?
True
Does 357 divide 2817444?
True
Does 13 divide 11547095?
False
Does 22 divide 91872?
True
Is 77209 a multiple of 6?
False
Does 44 divide 220836?
True
Is 6 a factor of 803076?
True
Is 30 a factor of 2547698?
False
Is 5 a factor of 33921?
False
Is 4065600 a multiple of 175?
True
Is 493837 a multiple of 23?
False
Is 35 a factor of 195712?
False
Does 18 divide 26820?
True
Does 59 divide 74133?
False
Is 5990141 a multiple of 25?
False
Is 107 a factor of 1991671?
False
Is 428544 a multiple of 48?
True
Does 121 divide 2773371?
False
Is 2 a factor of 56540?
True
Is 67 a factor of 458511?
False
Is 4463932 a multiple of 401?
True
Is 191705 a multiple of 52?
False
Is 112424 a multiple of 299?
True
Is 577 a factor of 534879?
True
Is 7 a factor of 350?
True
Is 22 a factor of 722617?
False
Is 22158 a multiple of 5?
False
Does 19 divide 962735?
False
Does 11 divide 136325?
False
Is 12 a factor of 46505?
False
Is 290 a factor of 5203180?
True
Does 185 divide 778850?
True
Does 87 divide 4263?
True
Does 284 divide 10508?
True
Is 201720 a multiple of 41?
True
Is 284451 a multiple of 13?
False
Does 44 divide 13228204?
True
Is 43 a factor of 454702?
False
Does 4 divide 863835?
False
Is 190798 a multiple of 16?
False
Is 40 a factor of 33904?
False
Does 144 divide 3878754?
False
Is 7 a factor of 128081?
False
Is 236 a factor of 1986?
False
Does 325 divide 3625919?
False
Is 4 a factor of 727?
False
Does 13 divide 1662669?
False
Does 1147 divide 10810475?
True
Is 1051520 a multiple of 1240?
True
Is 163 a factor of 102853?
True
Is 101156 a multiple of 44?
True
Is 70478 a multiple of 199?
False
Is 45 a factor of 1049310?
True
Is 1223775 a multiple of 12?
False
Is 7 a factor of 35163?
False
Does 79 divide 17270265?
False
Is 405867 a multiple of 33?
True
Is 88958 a multiple of 25?
False
Is 1821788 a multiple of 4?
True
Is 30415770 a multiple of 12?
False
Is 43 a factor of 4246162?
False
Does 132 divide 90043?
False
Is 44648 a multiple of 16?
False
Does 73 divide 106200?
False
Is 6 a factor of 4920?
True
Does 116 divide 12254936?
True
Is 55 a factor of 54230?
True
Does 13 divide 25960984?
False
Is 49 a factor of 70413?
True
Does 36 divide 1595701?
False
Does 4 divide 540980?
True
Is 1129254 a multiple of 14?
True
Is 7 a factor of 1715679?
True
Does 58 divide 1715814?
True
Is 4244860 a multiple of 511?
False
Does 63 divide 137151?
True
Is 33 a factor of 300508?
False
Does 295 divide 112690?
True
Is 1124244 a multiple of 33?
True
Does 3 divide 283671?
True
Is 119512 a multiple of 12?
False
Does 14 divide 2177392?
True
Does 370 divide 119510?
True
Does 6 divide 1122420?
True
Is 5522526 a multiple of 8?
False
Does 132 divide 471151?
False
Is 8 a factor of 460920?
True
Is 151 a factor of 996147?
